{"id":125,"date":"2021-04-21T02:10:13","date_gmt":"2021-04-21T02:10:13","guid":{"rendered":"https:\/\/www.cssigniter.com\/demos\/milos\/?page_id=125"},"modified":"2023-03-31T17:04:36","modified_gmt":"2023-03-31T20:04:36","slug":"services","status":"publish","type":"page","link":"https:\/\/posadadecampoelcapricho.uy\/index.php\/services\/","title":{"rendered":"Servicios"},"content":{"rendered":"\n<figure id=\"block-bcff8b-577c-4c\" class=\"wp-block-gutenbee-image block-bcff8b-577c-4c alignwide size-full is-style-ci-theme-border-image is-style-ignition-aegean-border-image is-style-ignition-milos-border-image\"><img loading=\"lazy\" decoding=\"async\" width=\"1024\" height=\"683\" src=\"https:\/\/posadadecampoelcapricho.uy\/wp-content\/uploads\/2023\/03\/Restaurante_ElCapricho_07-1024x683.jpg\" alt=\"\" class=\"wp-image-280\" style=\"border-color:#ffffff;border-style:solid;border-width:0px\" srcset=\"https:\/\/posadadecampoelcapricho.uy\/wp-content\/uploads\/2023\/03\/Restaurante_ElCapricho_07-1024x683.jpg 1024w, https:\/\/posadadecampoelcapricho.uy\/wp-content\/uploads\/2023\/03\/Restaurante_ElCapricho_07-300x200.jpg 300w, https:\/\/posadadecampoelcapricho.uy\/wp-content\/uploads\/2023\/03\/Restaurante_ElCapricho_07-768x512.jpg 768w, https:\/\/posadadecampoelcapricho.uy\/wp-content\/uploads\/2023\/03\/Restaurante_ElCapricho_07-1536x1024.jpg 1536w, https:\/\/posadadecampoelcapricho.uy\/wp-content\/uploads\/2023\/03\/Restaurante_ElCapricho_07-870x580.jpg 870w, https:\/\/posadadecampoelcapricho.uy\/wp-content\/uploads\/2023\/03\/Restaurante_ElCapricho_07-615x410.jpg 615w, https:\/\/posadadecampoelcapricho.uy\/wp-content\/uploads\/2023\/03\/Restaurante_ElCapricho_07-1170x780.jpg 1170w, https:\/\/posadadecampoelcapricho.uy\/wp-content\/uploads\/2023\/03\/Restaurante_ElCapricho_07.jpg 1620w\" sizes=\"auto, (max-width: 1024px) 100vw, 1024px\" \/><\/figure>\n\n\n\n<div id=\"block-572223-90\" class=\"wp-block-gutenbee-container block-572223-90\"><div class=\"wp-block-gutenbee-container-inner\"><div class=\"wp-block-gutenbee-container-row wp-block-gutenbee-container-md\">\n<div class=\"wp-block-gutenbee-column block-e54d28-77\"><style>.wp-block-gutenbee-column.block-e54d28-77 { flex-basis: 33.33%; }\n\n\n      @media (max-width: 991px) {\n        .wp-block-gutenbee-column.block-e54d28-77 { flex-basis: 100%; }\n      }\n    \n\n      @media (max-width: 575px) {\n        .wp-block-gutenbee-column.block-e54d28-77 { flex-basis: 100%; }\n      }<\/style><div class=\"wp-block-gutenbee-column-content\">\n<h3 id=\"block-27164f-ba\" class=\"wp-block-gutenbee-heading block-27164f-ba\">Nuestros servicios<\/h3>\n<\/div><\/div>\n\n\n\n<div class=\"wp-block-gutenbee-column block-095114-cd\"><style>.wp-block-gutenbee-column.block-095114-cd { flex-basis: 66.66%; }\n\n\n      @media (max-width: 991px) {\n        .wp-block-gutenbee-column.block-095114-cd { flex-basis: 100%; }\n      }\n    \n\n      @media (max-width: 575px) {\n        .wp-block-gutenbee-column.block-095114-cd { flex-basis: 100%; }\n      }<\/style><div class=\"wp-block-gutenbee-column-content\">\n<p id=\"block-4ea8d0-c6\" class=\"wp-block-gutenbee-paragraph block-4ea8d0-c6\">Nuestro establecimiento ofrece alojamiento para una o varias noches. Las instalaciones pueden variar desde una caba\u00f1a superior ubicada en la cima del cerro a duplex m\u00e1s econ\u00f3micos para grupos  o parejas. En cualquiera de las opciones puede optar por incluir en el costo el desayuno buffet o pensi\u00f3n completa con almuerzo en nuestro restaurante.<\/p>\n\n\n\n<div id=\"block-8debf3-62\" class=\"wp-block-gutenbee-container block-8debf3-62\"><div class=\"wp-block-gutenbee-container-inner\"><div class=\"wp-block-gutenbee-container-row wp-block-gutenbee-container-md\">\n<div class=\"wp-block-gutenbee-column block-6f5e01-6d\"><style>.wp-block-gutenbee-column.block-6f5e01-6d { flex-basis: 50%; }\n\n\n      @media (max-width: 991px) {\n        .wp-block-gutenbee-column.block-6f5e01-6d { flex-basis: 100%; }\n      }\n    \n\n      @media (max-width: 575px) {\n        .wp-block-gutenbee-column.block-6f5e01-6d { flex-basis: 100%; }\n      }<\/style><div class=\"wp-block-gutenbee-column-content\">\n<ul class=\"wp-block-list\">\n<li>WiFi en parador<\/li>\n\n\n\n<li>Barra de tragos<\/li>\n\n\n\n<li>Restaurante<\/li>\n\n\n\n<li>Desayuno Buffet<\/li>\n\n\n\n<li>Cabalgatas<\/li>\n\n\n\n<li>Senderismo<\/li>\n\n\n\n<li>Hospedaje<\/li>\n\n\n\n<li>Fiesta de Cumplea\u00f1os<\/li>\n<\/ul>\n<\/div><\/div>\n\n\n\n<div class=\"wp-block-gutenbee-column block-faf959-a9\"><style>.wp-block-gutenbee-column.block-faf959-a9 { flex-basis: 50%; }\n\n\n      @media (max-width: 991px) {\n        .wp-block-gutenbee-column.block-faf959-a9 { flex-basis: 100%; }\n      }\n    \n\n      @media (max-width: 575px) {\n        .wp-block-gutenbee-column.block-faf959-a9 { flex-basis: 100%; }\n      }<\/style><div class=\"wp-block-gutenbee-column-content\">\n<ul class=\"wp-block-list\">\n<li>Casamientos<\/li>\n\n\n\n<li>Actividades para ni\u00f1os<\/li>\n\n\n\n<li>Actividades para Colegios<\/li>\n\n\n\n<li>Venta de artesan\u00edas<\/li>\n\n\n\n<li>Almac\u00e9n<\/li>\n\n\n\n<li>Panader\u00eda<\/li>\n\n\n\n<li>Venta de bebidas<\/li>\n\n\n\n<li>Pet Friendly<\/li>\n<\/ul>\n<\/div><\/div>\n<\/div><\/div><div class=\"wp-block-gutenbee-container-background\" data-parallax-speed=\"0.3\"><\/div><\/div>\n\n\n\n<p id=\"block-c8db88-d3\" class=\"wp-block-gutenbee-paragraph block-c8db88-d3\" style=\"background-color:#f5f5f5;border-radius:4px\">Por m\u00e1s informaci\u00f3n llamanos al <strong>+598 94 808 623<\/strong> <br>o por nuestro formulario de <a data-type=\"page\" data-id=\"74\" href=\"https:\/\/www.cssigniter.com\/demos\/milos\/contact\/\">Contacto<\/a><\/p><style>.wp-block-gutenbee-paragraph.block-c8db88-d3 { margin-bottom: 0px; padding: 15px 15px 15px 15px; }<\/style>\n<\/div><\/div>\n<\/div><\/div><div class=\"wp-block-gutenbee-container-background\" data-parallax-speed=\"0.3\"><\/div><\/div>\n","protected":false},"excerpt":{"rendered":"<p>La excelencia es nuestra \u00fanica prioridad<\/p>\n","protected":false},"author":1,"featured_media":0,"parent":0,"menu_order":0,"comment_status":"closed","ping_status":"closed","template":"templates\/template-fullwidth-narrow.php","meta":{"_joinchat":[],"footnotes":""},"class_list":["post-125","page","type-page","status-publish","hentry"],"yoast_head":"<!-- This site is optimized with the Yoast SEO plugin v23.8 - https:\/\/yoast.com\/wordpress\/plugins\/seo\/ -->\n<title>Servicios -<\/title>\n<meta name=\"robots\" content=\"index, follow, max-snippet:-1, max-image-preview:large, max-video-preview:-1\" \/>\n<link rel=\"canonical\" href=\"https:\/\/posadadecampoelcapricho.uy\/index.php\/services\/\" \/>\n<meta property=\"og:locale\" content=\"es_ES\" \/>\n<meta property=\"og:type\" content=\"article\" \/>\n<meta property=\"og:title\" content=\"Servicios -\" \/>\n<meta property=\"og:description\" content=\"La excelencia es nuestra \u00fanica prioridad\" \/>\n<meta property=\"og:url\" content=\"https:\/\/posadadecampoelcapricho.uy\/index.php\/services\/\" \/>\n<meta property=\"article:modified_time\" content=\"2023-03-31T20:04:36+00:00\" \/>\n<meta property=\"og:image\" content=\"https:\/\/posadadecampoelcapricho.uy\/wp-content\/uploads\/2023\/03\/Restaurante_ElCapricho_07-1024x683.jpg\" \/>\n<meta name=\"twitter:card\" content=\"summary_large_image\" \/>\n<meta name=\"twitter:label1\" content=\"Tiempo de lectura\" \/>\n\t<meta name=\"twitter:data1\" content=\"2 minutos\" \/>\n<script type=\"application\/ld+json\" class=\"yoast-schema-graph\">{\"@context\":\"https:\/\/schema.org\",\"@graph\":[{\"@type\":\"WebPage\",\"@id\":\"https:\/\/posadadecampoelcapricho.uy\/index.php\/services\/\",\"url\":\"https:\/\/posadadecampoelcapricho.uy\/index.php\/services\/\",\"name\":\"Servicios -\",\"isPartOf\":{\"@id\":\"https:\/\/posadadecampoelcapricho.uy\/#website\"},\"primaryImageOfPage\":{\"@id\":\"https:\/\/posadadecampoelcapricho.uy\/index.php\/services\/#primaryimage\"},\"image\":{\"@id\":\"https:\/\/posadadecampoelcapricho.uy\/index.php\/services\/#primaryimage\"},\"thumbnailUrl\":\"https:\/\/posadadecampoelcapricho.uy\/wp-content\/uploads\/2023\/03\/Restaurante_ElCapricho_07-1024x683.jpg\",\"datePublished\":\"2021-04-21T02:10:13+00:00\",\"dateModified\":\"2023-03-31T20:04:36+00:00\",\"breadcrumb\":{\"@id\":\"https:\/\/posadadecampoelcapricho.uy\/index.php\/services\/#breadcrumb\"},\"inLanguage\":\"es\",\"potentialAction\":[{\"@type\":\"ReadAction\",\"target\":[\"https:\/\/posadadecampoelcapricho.uy\/index.php\/services\/\"]}]},{\"@type\":\"ImageObject\",\"inLanguage\":\"es\",\"@id\":\"https:\/\/posadadecampoelcapricho.uy\/index.php\/services\/#primaryimage\",\"url\":\"https:\/\/posadadecampoelcapricho.uy\/wp-content\/uploads\/2023\/03\/Restaurante_ElCapricho_07.jpg\",\"contentUrl\":\"https:\/\/posadadecampoelcapricho.uy\/wp-content\/uploads\/2023\/03\/Restaurante_ElCapricho_07.jpg\",\"width\":1620,\"height\":1080},{\"@type\":\"BreadcrumbList\",\"@id\":\"https:\/\/posadadecampoelcapricho.uy\/index.php\/services\/#breadcrumb\",\"itemListElement\":[{\"@type\":\"ListItem\",\"position\":1,\"name\":\"Portada\",\"item\":\"https:\/\/posadadecampoelcapricho.uy\/\"},{\"@type\":\"ListItem\",\"position\":2,\"name\":\"Servicios\"}]},{\"@type\":\"WebSite\",\"@id\":\"https:\/\/posadadecampoelcapricho.uy\/#website\",\"url\":\"https:\/\/posadadecampoelcapricho.uy\/\",\"name\":\"\",\"description\":\"\",\"potentialAction\":[{\"@type\":\"SearchAction\",\"target\":{\"@type\":\"EntryPoint\",\"urlTemplate\":\"https:\/\/posadadecampoelcapricho.uy\/?s={search_term_string}\"},\"query-input\":{\"@type\":\"PropertyValueSpecification\",\"valueRequired\":true,\"valueName\":\"search_term_string\"}}],\"inLanguage\":\"es\"}]}<\/script>\n<!-- \/ Yoast SEO plugin. -->","yoast_head_json":{"title":"Servicios -","robots":{"index":"index","follow":"follow","max-snippet":"max-snippet:-1","max-image-preview":"max-image-preview:large","max-video-preview":"max-video-preview:-1"},"canonical":"https:\/\/posadadecampoelcapricho.uy\/index.php\/services\/","og_locale":"es_ES","og_type":"article","og_title":"Servicios -","og_description":"La excelencia es nuestra \u00fanica prioridad","og_url":"https:\/\/posadadecampoelcapricho.uy\/index.php\/services\/","article_modified_time":"2023-03-31T20:04:36+00:00","og_image":[{"url":"https:\/\/posadadecampoelcapricho.uy\/wp-content\/uploads\/2023\/03\/Restaurante_ElCapricho_07-1024x683.jpg"}],"twitter_card":"summary_large_image","twitter_misc":{"Tiempo de lectura":"2 minutos"},"schema":{"@context":"https:\/\/schema.org","@graph":[{"@type":"WebPage","@id":"https:\/\/posadadecampoelcapricho.uy\/index.php\/services\/","url":"https:\/\/posadadecampoelcapricho.uy\/index.php\/services\/","name":"Servicios -","isPartOf":{"@id":"https:\/\/posadadecampoelcapricho.uy\/#website"},"primaryImageOfPage":{"@id":"https:\/\/posadadecampoelcapricho.uy\/index.php\/services\/#primaryimage"},"image":{"@id":"https:\/\/posadadecampoelcapricho.uy\/index.php\/services\/#primaryimage"},"thumbnailUrl":"https:\/\/posadadecampoelcapricho.uy\/wp-content\/uploads\/2023\/03\/Restaurante_ElCapricho_07-1024x683.jpg","datePublished":"2021-04-21T02:10:13+00:00","dateModified":"2023-03-31T20:04:36+00:00","breadcrumb":{"@id":"https:\/\/posadadecampoelcapricho.uy\/index.php\/services\/#breadcrumb"},"inLanguage":"es","potentialAction":[{"@type":"ReadAction","target":["https:\/\/posadadecampoelcapricho.uy\/index.php\/services\/"]}]},{"@type":"ImageObject","inLanguage":"es","@id":"https:\/\/posadadecampoelcapricho.uy\/index.php\/services\/#primaryimage","url":"https:\/\/posadadecampoelcapricho.uy\/wp-content\/uploads\/2023\/03\/Restaurante_ElCapricho_07.jpg","contentUrl":"https:\/\/posadadecampoelcapricho.uy\/wp-content\/uploads\/2023\/03\/Restaurante_ElCapricho_07.jpg","width":1620,"height":1080},{"@type":"BreadcrumbList","@id":"https:\/\/posadadecampoelcapricho.uy\/index.php\/services\/#breadcrumb","itemListElement":[{"@type":"ListItem","position":1,"name":"Portada","item":"https:\/\/posadadecampoelcapricho.uy\/"},{"@type":"ListItem","position":2,"name":"Servicios"}]},{"@type":"WebSite","@id":"https:\/\/posadadecampoelcapricho.uy\/#website","url":"https:\/\/posadadecampoelcapricho.uy\/","name":"","description":"","potentialAction":[{"@type":"SearchAction","target":{"@type":"EntryPoint","urlTemplate":"https:\/\/posadadecampoelcapricho.uy\/?s={search_term_string}"},"query-input":{"@type":"PropertyValueSpecification","valueRequired":true,"valueName":"search_term_string"}}],"inLanguage":"es"}]}},"_links":{"self":[{"href":"https:\/\/posadadecampoelcapricho.uy\/index.php\/wp-json\/wp\/v2\/pages\/125","targetHints":{"allow":["GET"]}}],"collection":[{"href":"https:\/\/posadadecampoelcapricho.uy\/index.php\/wp-json\/wp\/v2\/pages"}],"about":[{"href":"https:\/\/posadadecampoelcapricho.uy\/index.php\/wp-json\/wp\/v2\/types\/page"}],"author":[{"embeddable":true,"href":"https:\/\/posadadecampoelcapricho.uy\/index.php\/wp-json\/wp\/v2\/users\/1"}],"replies":[{"embeddable":true,"href":"https:\/\/posadadecampoelcapricho.uy\/index.php\/wp-json\/wp\/v2\/comments?post=125"}],"version-history":[{"count":5,"href":"https:\/\/posadadecampoelcapricho.uy\/index.php\/wp-json\/wp\/v2\/pages\/125\/revisions"}],"predecessor-version":[{"id":403,"href":"https:\/\/posadadecampoelcapricho.uy\/index.php\/wp-json\/wp\/v2\/pages\/125\/revisions\/403"}],"wp:attachment":[{"href":"https:\/\/posadadecampoelcapricho.uy\/index.php\/wp-json\/wp\/v2\/media?parent=125"}],"curies":[{"name":"wp","href":"https:\/\/api.w.org\/{rel}","templated":true}]}}